 s(-14)?
2
Let m = 67 - 101. Let n = m - -47. What is the tens digit of n?
1
Let z = -20 + 23. Let n(h) be the third derivative of -h**6/120 + h**5/15 - h**4/24 - h**2. What is the units digit of n(z)?
6
Suppose 4*c = c - 9. Let m be c - (-3 - -3 - -6). What is the tens digit of (-155)/m - (-6)/(-27)?
1
Suppose 5*r + 5*x = 4*r + 68, -4*r + 184 = -2*x. What is the tens digit of r?
4
Suppose 3 + 46 = a. What is the units digit of a?
9
Let w(n) = n**2 - n - 1. Let p be 2/((2 - 1)*-1). What is the units digit of w(p)?
5
Suppose 0 = 2*s - w + 6, 3*w - 2 = -s + 2. Let h be (3/6)/(s/(-8)). Let g = h - 1. What is the units digit of g?
1
Suppose 4*t = -4*d + 260, -3*d - 4*t - 216 = -6*d. Suppose -5*p = 4*l + d, -p - 31 = -9*l + 4*l. What is the tens digit of 5/((-10)/(-4)) - p?
1
Let k be -8 + 8 - 0/2. Suppose k = 2*i - 12. What is the units digit of i?
6
Suppose 22*c - 5056 = 6*c. What is the tens digit of c?
1
Let r(h) = -h**3 - 5*h**2 - 4*h. Let o be r(-4). Suppose o = 5*b + 43 - 18. What is the units digit of -2 - (b - 6/(-3))?
1
What is the units digit of (-3)/(-1) - (1 - 0)*-28?
1
Suppose -d + 2*d + r = 9, 0 = 2*d - 4*r - 30. Let w = d - 2. What is the units digit of w?
9
Suppose -620 = -5*v + v. What is the tens digit of v?
5
What is the tens digit of 2 - 12/3*-5?
2
Suppose -3*x - 4*q = -32, 2*q - 3 = -5. Suppose -4*o = 4*j - 48, j = o + 6*j - x. What is the tens digit of o?
1
Let r(a) = a**2 + 5*a - 5. Suppose -t - 3*q - 5 = -4*q, 0 = 4*t + 5*q - 25. Suppose t - 6 = u. What is the units digit of r(u)?
1
Suppose -16*d = -19*d + 147. What is the units digit of d?
9
What is the hundreds digit of (-1196)/(-9) + (-20)/(-180)?
1
What is the units digit of 14/7 + (-209)/(-1)?
1
Let x be 21/(-3)*(-2 + 1). Suppose 3*m = v + 6, -5*v = 3*m - x*m - 3. What is the units digit of v?
3
Let h(w) = -3*w - 6. Let u be h(-3). Suppose -2*f - i - 3*i = -8, i = -u*f + 17. What is the units digit of f?
6
Let n(h) = -h**3 + 2*h**2 + 2*h - 3. Let k be n(2). What is the units digit of (-1 - -2)*(k - -6)?
7
What is the units digit of (6/(-4))/((-3)/6) - -35?
8
Suppose 0 = -3*q - 8*q + 1166. What is the units digit of q?
6
Suppose 5*i - 4 = -2*u + i, -27 = 3*u - 5*i. Let x be (-56)/(-4) - u/(-2). Suppose 2*c - x = -0*c. What is the units digit of c?
6
Suppose -3*k - 33 = -12. Let a = -4 - k. Suppose -a*h - f + 11 = 0, -5*h - f = -3 - 12. What is the units digit of h?
2
What is the units digit of -1 + 5/(-5) - -190?
8
What is the units digit of 4 - (-14 - (-1 - -1))?
8
Suppose 0 = -10*b + 8*b + 344. What is the units digit of b?
2
Let k(v) = v**3 - 6*v**2 - 15*v - 9. What is the hundreds digit of k(10)?
2
Let q = 10 - -16. What is the tens digit of q?
2
Let k(t) = -12*t + 18. Let s be k(4). Suppose -3*m + 27 = -21. What is the units digit of s/4*m/(-20)?
6
Suppose 2 = 2*w - 2*g, -4*w + 4*g = 6*g - 16. Let n be (3 - 0)*(2 - w). What is the units digit of 5 + (n*1)/3?
4
Suppose -2*c = -5*n + 2*c + 15, -c = -3*n + 9. Suppose -4*q = -k - 153, n*k - 9 - 102 = -3*q. Suppose -5*x + q = l + l, -l = -4. What is the units digit of x?
6
Suppose -5*z - 12 = -0*i - 4*i, -3*i - z + 9 = 0. Suppose f + 5*p - 3 = i*f, 0 = -3*f + 3*p. What is the units digit of f?
1
Let q(b) = b**2 - 17*b + 5. What is the hundreds digit of q(-9)?
2
Let r(q) = 7*q**2 + 4*q + 8. What is the units digit of r(-2)?
8
Let t = 35 + 33. What is the units digit of t?
8
Let f(q) = 6*q**2 - q - 3. What is the units digit of f(-2)?
3
Let b = -1 + -4. Let l = b + 25. Suppose v - l = -3*v. What is the units digit of v?
5
Suppose -11*y = 13*y - 72. What is the units digit of y?
3
Let x be (-1 - (-4 - 2)) + 0. Suppose x*d - 25 = 25. Suppose -3*l + y = 2*y - 8, -5*l + 3*y - d = 0. What is the units digit of l?
1
Let p(c) = c**3 - 6*c**2 - c + 8. Let n be p(6). Suppose -n*x + 0*x = -6. What is the units digit of x?
3
Suppose -4*x + 3*z + 24 + 52 = 0, 0 = 4*x - 2*z - 72. What is the units digit of x?
6
Let h = -63 + 124. What is the tens digit of h?
6
What is the tens digit of (-14)/(-35) + (-3459)/(-15) + -2?
2
Let v(d) = 4*d**3 - 2*d**2 + 2*d - 3. Suppose 0 = -3*w + 6. What is the tens digit of v(w)?
2
Suppose 30 + 16 = 5*l - 3*o, o - 14 = -l. Suppose -6*a - 220 = -l*a. What is the tens digit of a?
4
Let x = -11 - -8. Let c = x - -6. What is the units digit of c?
3
Let c = 0 - -1. Suppose c = b + 7. Let o = b - -22. What is the units digit of o?
6
Let u be 2/4 + (-65)/(-2). Suppose 4*c + u = -0*l + 5*l, 5*l - 2*c = 29. Suppose g - 25 = -5*p, -l*p - 1 = -2*g - 11. What is the units digit of p?
4
Let b = 3 - -33. Let f = b - 19. What is the tens digit of f?
1
What is the units digit of 4/22 - (-592)/11?
4
Suppose -5*i = -0*s - s - 17, -24 = -4*s - 3*i. Suppose v + 0*r + 5*r + s = 0, 12 = -4*r. What is the units digit of 5*(v/5)/4?
3
Let z = -21 + -1. Let l = -16 - z. Suppose -11 - 7 = -5*t + 2*m, 4*m + l = -5*t. What is the units digit of t?
2
Suppose 1 - 11 = 5*g. Let y(z) = -1 - 2*z**3 + 2*z + z**2 + 0*z**3 + z**3 + 2*z**2. What is the units digit of y(g)?
5
Suppose -z - 2*d = -0*d - 3, 0 = -d + 3. Let h be 4*(-16 + 1)/z. What is the units digit of h/15 - 2/6?
1
Suppose 3*s - 12 = -2*y, -3*s - 5 = -3*y - s. Suppose 3*j = y*w - 6, -2*j + 4*j = 0. Suppose -w*g + 23 = -5. What is the units digit of g?
4
Let r be 8/(-12) - 5/(-3). Let z(n) = 9*n**3 - 1. What is the units digit of z(r)?
8
Suppose -4*n + 3*n = -2. Suppose -4*y + n = -6. Suppose 55 = y*s + 3*s. What is the tens digit of s?
1
Let a(p) = -p**3 + 7*p**2 + p + 8. Let b be a(7). Suppose 0 = -2*j - 5 + 21. Let r = b - j. What is the units digit of r?
7
Let w = 4 - 4. Suppose 4*k + k = 2*l - 22, -4*k - 16 = 0. Let h = w + l. What is the units digit of h?
1
Let m(u) be the third derivative of u**6/120 + u**5/15 - u**4/12 - u**3/3 - u**2. Let j be m(-4). What is the tens digit of (-114)/j*1/(-1)?
1
Suppose 12 = -3*f + 27. Let t(m) = 4*m. Let k be t(f). Suppose 0 = 7*s - 2*s - k. What is the units digit of s?
4
Suppose -s + 5*s + 5*n = -7, -4*n - 16 = -2*s. What is the units digit of s?
2
Let p be (-10)/(-2) - (-2)/(-2). What is the units digit of (-8)/3*(-21)/p?
4
Let d = 4 + -7. Let b = d + 7. Suppose 5*y - 31 = b. What is the units digit of y?
7
Suppose q - 5*z + 11 = 0, -q - 17 - 29 = 2*z. What is the units digit of (2/(-4))/(3/q)?
6
Let a be ((-16)/(-1 + -1))/(-1). Let h = 9 + a. What is the units digit of h?
1
Let d(q) be the first derivative of q**2/2 - q - 3. What is the units digit of d(5)?
4
Suppose -6*h = -h - 360. What is the tens digit of h?
7
Suppose -12 - 54 = -2*n. Suppose -3*r - n = -5*r + 3*m, -93 = -5*r + 4*m. What is the units digit of r?
1
Let h(t) = -t**2 + 7*t - 6. Let i be h(6). Let z = 26 - 26. Suppose i*v - 2*v - 5*r + 16 = z, -4*r - 7 = -5*v. What is the units digit of v?
3
Let f be 1/(14/(-8) - -2). Suppose -2*k + f + 6 = 0. What is the units digit of k?
5
Suppose -5*g + 16 - 1 = -5*m, -m = 4*g - 22. Suppose g*d - 40 = d. Suppose 0 = 5*c - 3*s - 36, -5*s = -c - d + 26. What is the units digit of c?
6
Let z(q) = 2*q**2 + q + 0 - 3 + q. What is the units digit of z(-3)?
9
Let i(r) = r**3 - 11*r**2 + 12*r - 13. Let t be i(10). Let a be -2 + 6*(0 + 1). Suppose -a*z = -1 - t. What is the units digit of z?
2
Let g be 16/2*(-5 - -6). Suppose -5*f + 7 = -g. What is the units digit of f?
3
Let a = -13 - -8. Let s = a - -3. What is the units digit of -2*(s + -2)/1?
8
Suppose g = 3*u - 2, -4*u = g - 5 - 0. Suppose y = -g + 12. What is the tens digit of y?
1
Suppose 2027 - 751 = 4*r. What is the units digit of r?
9
Let p = -13 - -114. What is the units digit of p?
1
Let g be ((-3)/9)/(2/18). What is the units digit of (-2 - g) + (14 - -2)?
7
Let t = 85 + -22. Let k = t + -30. What is the tens digit of k?
3
Let s be 2/(-10) - (-6)/30. Suppose -4*u - 20 = -s*a - 2*a, -2*a + 4 = 4*u. Let k(w) = w**3 - 5*w**2 - 4*w - 3. What is the units digit of k(a)?
9
Let a(i) = 2*i**3 - 4*i**2 + 2*i - 5. What is the units digit of a(3)?
9
Suppose 7 = -2*q + 1. Let d = -36 - -20. Let i = q - d. What is the units digit of i?
3
Let s be (2 - -4) + 1 + 2. Let g = s + -8. What is the units digit of g?
1
Let g = 49 + 120. What is the tens digit of g?
6
What is the units digit of (1/4)/((-7)/(-84))?
3
What is the tens digit of (13 + -4)*(33 - 1)?
8
Let z = -87 + 135. What is t